15, what is 2 - -423172?
423174
In base 5, what is 42342 - -233030?
330422
In base 4, what is 102030222 + -202?
102030020
In base 16, what is 1b - -39337?
39352
In base 9, what is -1055 + 47881?
46825
In base 7, what is -2002 + -1046?
-3051
In base 15, what is 44c3d + -16?
44c27
In base 10, what is 1180 - 2507?
-1327
In base 3, what is -10 - 110222020222111?
-110222020222121
In base 11, what is 33 - -295048?
295080
In base 6, what is 13014325532 - -1?
13014325533
In base 13, what is 8 + 515a41?
515a49
In base 2, what is -10100101101010111 + 100100?
-10100101100110011
In base 15, what is 2 - 99a0c?
-99a0a
In base 8, what is -4 + 232150171?
232150165
In base 9, what is -437270368 + 5?
-437270363
In base 14, what is 238c630 - 12?
238c61c
In base 4, what is 201232010202 - 10?
201232010132
In base 3, what is 12 - 122100012122020?
-122100012122001
In base 5, what is 10303 - -41010332?
41021140
In base 12, what is 5 + 4509a8?
4509b1
In base 5, what is -3 - -10142232304?
10142232301
In base 8, what is -2072144 - 3?
-2072147
In base 4, what is -102022133101110 - -1?
-102022133101103
In base 3, what is 101201022 - 122200?
101001122
In base 16, what is 2 - -7f4f193?
7f4f195
In base 9, what is 40202807 - -4?
40202812
In base 3, what is -10 + 100022112122022102?
100022112122022022
In base 5, what is 22003323 + -2312?
22001011
In base 8, what is -367443 - 2644?
-372307
In base 8, what is -107 + -27720?
-30027
In base 10, what is -1 + 1026173?
1026172
In base 9, what is -27 + 203844?
203816
In base 13, what is -2 + -1334635?
-1334637
In base 16, what is -72 + 32a0aa?
32a038
In base 10, what is -3 + 843934?
843931
In base 4, what is -102322 - 130131202?
-130300130
In base 12, what is -3 + 1bb46ba7?
1bb46ba4
In base 7, what is 2634051 + -311?
2633440
In base 2, what is 11011100110 + 10010110110001000?
10011010001101110
In base 16, what is -190cc4 + 1?
-190cc3
In base 9, what is -55210247 + -7?
-55210255
In base 15, what is 15a9 + 3d5c?
5416
In base 15, what is d6eba6b + 1?
d6eba6c
In base 6, what is -3 + 4501515025?
4501515022
In base 8, what is 70411 + 43256?
133667
In base 10, what is -688565 + -4?
-688569
In base 9, what is -2418 - 1383?
-3812
In base 14, what is -d6703a - -10?
-d6702a
In base 8, what is 13314503 + 126?
13314631
In base 11, what is 84228119 + 1?
8422811a
In base 9, what is -4 - -508737?
508733
In base 8, what is -5701656162 - 5?
-5701656167
In base 2, what is 11010100 - 1011001110010011?
-1011001010111111
In base 8, what is -14 - 213036?
-213052
In base 4, what is -1 + -1113032233101?
-1113032233102
In base 13, what is -2 + -3a81ab4?
-3a81ab6
In base 5, what is -2212 + -1100444103?
-1101001320
In base 14, what is 2d06dcc4 - 2?
2d06dcc2
In base 16, what is 1481aac - -4?
1481ab0
In base 2, what is -11111110111101010000110 + -1?
-11111110111101010000111
In base 11, what is -1901440 + 12?
-1901429
In base 7, what is -611631404 - -1?
-611631403
In base 2, what is 111011000 + -10100001100?
-1100110100
In base 15, what is -15226 - 2?
-15228
In base 5, what is 4240421 - -3?
4240424
In base 2, what is -1010101101010100100 + -1010010?
-1010101101011110110
In base 13, what is -841 - 1c3296?
-1c3b07
In base 13, what is -3b9 + -7828?
-7c14
In base 5, what is -22234 - 21432233?
-22010022
In base 2, what is 100001000 - -101000000011111?
101000100100111
In base 7, what is -315324 - -1140?
-314154
In base 9, what is -680436 + -458?
-681005
In base 3, what is -20 - -120222020212012?
120222020211222
In base 6, what is 2012 - -1042223?
1044235
In base 16, what is 2 - -2aea5?
2aea7
In base 16, what is 2552 - -1503?
3a55
In base 2, what is 110001000011010000011 - 0?
110001000011010000011
In base 3, what is 1200110 - 22110222200?
-22102022020
In base 15, what is -ae025 + 3be?
-adb56
In base 13, what is 127 + 144186?
1442b0
In base 16, what is 12ebe - -11d7?
14095
In base 11, what is -197 - 33175?
-33361
In base 7, what is 0 + -3006641103?
-3006641103
In base 15, what is 70 + 329de2?
329e62
In base 15, what is eb - -5b65?
5c61
In base 7, what is 4310106164 - -1?
4310106165
In base 12, what is -26 + -1727b3?
-172819
In base 15, what is ac486 - 65?
ac421
In base 13, what is -111c623 + -9?
-111c62c
In base 9, what is -1336620 + -134?
-1336754
In base 9, what is -3 - 581558806?
-581558810
In base 7, what is -135 + -1300602?
-1301040
In base 2, what is -101000000111 + 101000010100?
1101
In base 12, what is -2713 + 39860?
37149
In base 14, what is 2 - 88c0a8?
-88c0a6
In base 7, what is 23613 + -1264?
22316
In base 14, what is -1c268 + 36?
-1c232
In base 11, what is -35355517 - 1a?
-35355536
In base 14, what is 145 + -644?
-4dd
In base 12, what is b - 6695b5?
-6695a6
In base 11, what is -182595 + -4?
-182599
In base 14, what is -8402d9 + -44?
-84033d
In base 8, what is 1602053763 + 5?
1602053770
In base 6, what is 53002 - 313235?
-220233
In base 10, what is 27 - 509572?
-509545
In base 7, what is 16353522 - -41?
16353563
In base 4, what is -3 - -2113110110?
2113110101
In base 14, what is 22 + -341cc7?
-341ca5
In base 11, what is 21a15 - -27a1?
24706
In base 10, what is -361 + 833498?
833137
In base 10, what is 63 - 61441?
-61378
In base 7, what is 506 + -324404?
-323565
In base 2, what is 110110010000011100111000 + 10?
110110010000011100111010
In base 11, what is 7187 + -60105?
-53a29
In base 16, what is -1 + -b21ba89?
-b21ba8a
In base 14, what is 55 - -4ccc1d?
4ccc74
In base 6, what is 15502515352 - 1?
15502515351
In base 9, what is -668 - 14500?
-15268
In base 2, what is -1 + 1001111011111001010?
1001111011111001001
In base 3, what is -11002 - -21202200101?
21202112022
In base 7, what is 0 - 53632314?
-53632314
In base 12, what is -b8 - 132228?
-132324
In base 14, what is 13 + b8d15?
b8d28
In base 6, what is -52412415 + -3?
-52412422
In base 2, what is 110 - 111111011000000111011?
-111111011000000110101
In base 2, what is 1011010010010 - 100011111100?
110110010110
In base 13, what is -584 + 1b11?
155a
In base 13, what is -23025 + -34a?
-23372
In base 6, what is -125203520 + 313?
-125203203
In base 13, what is -1 - -197bca5?
197bca4
In base 3, what is -112122021 - 210020122?
-1022212220
In base 6, what is -3113110525 + -45?
-3113111014
In base 15, what is -22bd - -873?
-194a
In base 14, what is -1 + -9c2367a?
-9c2367b
In base 4, what is -22 + -32112003?
-32112031
In base 10, what is -2143 - 4537?
-6680
In base 2, what is -1 + 111110101000110011101?
111110101000110011100
In base 2, what is -100110001001101111011011111 + 101?
-100110001001101111011011010
In base 15, what is -6b4687 - -1?
-6b4686
In base 14, what is 3 - -42b267db?
42b26800
In base 16, what is 1126 - -3043?
4169
In base 11, what is -78 - -257709?
257641
In base 3, what is 1100120211 + -22210?
1100021001
In base 16, what is -e23 + -d11?
-1b34
In base 13, what is -c577 + 87?
-c4c0
In base 12, what is -1a6a + 2092?
224
In base 3, what is -10002211100022 + 21?
-10002211100001
In base 13, what is 283a - 53b6?
-2879
In base 14, what is -2336351 + -4?
-2336355
In base 16, what is -2 - 149e632?
-149e634
In base 2, what is 110100110111110101 - -100110?
110100111000011011
In base 13, what is 3a1a904 - 3?
3a1a901
In base 13, what is -3955a8 - -1?
-3955a7
In base 7, what is -11355 - 12415?
-24103
In base 12, what is 908b0 + 1a?
9090a
In base 12, what is 147b90 + 20?
147bb0
In base 13, what is 25b - 161990?
-161732
In base 4, what is 3122030 - -12202?
3200232
In base 7, what is 1012 + -206500?
-205455
In base 9, what is 802161 - -108?
802270
In base 12, what is 123558 + -58?
123500
In base 8, what is 10025 - -26554?
36601
In base 5, what is -44241211 - 12340?
-44304101
In base 8, what is 74211 - 22376?
51613
In base 12, what is 79b2 + -298?
7716
In base 10, what is 46367 - 32?
46335
In base 2, what is 110000011100 - 110111100?
101001100000
In base 8, what is -1430371 - -3567?
-1424602
In base 13, what is 1424 - -75b?
1b82
In base 14, what is 2237 - 1bd0?
447
In base 13, what is -5 + -30675b9?
-30675c1
In base 9, what is -47471188 - 1?
-47471200
In base 4, what is 30 - -1100202312100?
1100202312130
In base 14, what is -2 - 78646a0?
-78646a2
In base 12, what is 1681a76 - 7?
1681a6b
In base 7, what is -4100 - 41230?
-45330
In base 8, what is 4 + -105676464?
-105676460
In base 11, what is 189712 + 585?
18a197
In base 5